{"id":145,"date":"2025-01-14T18:25:27","date_gmt":"2025-01-14T18:25:27","guid":{"rendered":"http:\/\/mbtaninmis.com\/taninmispark\/?page_id=145"},"modified":"2025-01-14T18:37:36","modified_gmt":"2025-01-14T18:37:36","slug":"hakkimizda","status":"publish","type":"page","link":"http:\/\/mbtaninmis.com\/taninmispark\/hakkimizda\/","title":{"rendered":"Hakk\u0131m\u0131zda"},"content":{"rendered":"\t\t<div data-elementor-type=\"wp-page\" data-elementor-id=\"145\" class=\"elementor elementor-145\">\n\t\t\t\t<div class=\"elementor-element elementor-element-4fee8f4 e-con-full e-flex e-con e-parent\" data-id=\"4fee8f4\" data-element_type=\"container\" data-e-type=\"container\">\n\t\t\t\t<div class=\"elementor-element elementor-element-02db34c elementor-widget elementor-widget-image\" data-id=\"02db34c\" data-element_type=\"widget\" data-e-type=\"widget\" data-widget_type=\"image.default\">\n\t\t\t\t<div class=\"elementor-widget-container\">\n\t\t\t\t\t\t\t\t\t\t\t\t\t\t\t<img fetchpriority=\"high\" decoding=\"async\" width=\"1920\" height=\"300\" src=\"http:\/\/mbtaninmis.com\/taninmispark\/wp-content\/uploads\/2025\/01\/header-01.svg\" class=\"attachment-full size-full wp-image-130\" alt=\"\" \/>\t\t\t\t\t\t\t\t\t\t\t\t\t\t\t<\/div>\n\t\t\t\t<\/div>\n\t\t\t\t<\/div>\n\t\t<div class=\"elementor-element elementor-element-7ce0fb3 e-flex e-con-boxed e-con e-parent\" data-id=\"7ce0fb3\" data-element_type=\"container\" data-e-type=\"container\">\n\t\t\t\t\t<div class=\"e-con-inner\">\n\t\t<div class=\"elementor-element elementor-element-82502e0 e-con-full e-flex e-con e-child\" data-id=\"82502e0\" data-element_type=\"container\" data-e-type=\"container\">\n\t\t\t\t<div class=\"elementor-element elementor-element-c7bea6f elementor-widget elementor-widget-heading\" data-id=\"c7bea6f\" data-element_type=\"widget\" data-e-type=\"widget\" data-widget_type=\"heading.default\">\n\t\t\t\t<div class=\"elementor-widget-container\">\n\t\t\t\t\t<h2 class=\"elementor-heading-title elementor-size-default\">Hakk\u0131m\u0131zda<\/h2>\t\t\t\t<\/div>\n\t\t\t\t<\/div>\n\t\t\t\t<div class=\"elementor-element elementor-element-8460352 elementor-widget elementor-widget-text-editor\" data-id=\"8460352\" data-element_type=\"widget\" data-e-type=\"widget\" data-widget_type=\"text-editor.default\">\n\t\t\t\t<div class=\"elementor-widget-container\">\n\t\t\t\t\t\t\t\t\t<div class=\"elementor-element elementor-element-958d402 animated-fast elementor-widget elementor-widget-text-editor animated opal-move-up\" data-id=\"958d402\" data-element_type=\"widget\" data-settings=\"{&quot;_animation&quot;:&quot;opal-move-up&quot;}\" data-widget_type=\"text-editor.default\"><div class=\"elementor-widget-container\"><div class=\"elementor-text-editor elementor-clearfix\"><p><strong>De\u011ferlerimiz<\/strong><\/p><\/div><\/div><\/div><div class=\"elementor-element elementor-element-8481c54 animated-fast elementor-widget elementor-widget-text-editor animated opal-move-up\" data-id=\"8481c54\" data-element_type=\"widget\" data-settings=\"{&quot;_animation&quot;:&quot;opal-move-up&quot;}\" data-widget_type=\"text-editor.default\"><div class=\"elementor-widget-container\"><div class=\"elementor-text-editor elementor-clearfix\"><p class=\"font_8\">\u0130nsan onuruna sayg\u0131 g\u00f6stermek,<br \/>S\u00fcrekli geli\u015fmeyi ama\u00e7 edinmek,<br \/>D\u00fcr\u00fcstl\u00fck ve a\u00e7\u0131kl\u0131k ilkelerine sahip \u00e7\u0131kmak,<br \/>Ak\u0131l-Bilim-Teknik \u00e7izgisinde y\u00fcr\u00fcmek,<br \/>Kararl\u0131 ve sab\u0131rl\u0131 olmak,<br \/>\u0130sraflar\u0131 \u00f6nlemek ve \u00e7evreye duyarl\u0131 olmak<\/p><\/div><\/div><\/div><div class=\"elementor-element elementor-element-4a9a7a8 animated-fast elementor-widget elementor-widget-text-editor animated opal-move-up\" data-id=\"4a9a7a8\" data-element_type=\"widget\" data-settings=\"{&quot;_animation&quot;:&quot;opal-move-up&quot;}\" data-widget_type=\"text-editor.default\"><div class=\"elementor-widget-container\"><div class=\"elementor-text-editor elementor-clearfix\"><p><strong>Vizyonumuz<\/strong><\/p><\/div><\/div><\/div><div class=\"elementor-element elementor-element-3c49dbb animated-fast elementor-widget elementor-widget-text-editor animated opal-move-up\" data-id=\"3c49dbb\" data-element_type=\"widget\" data-settings=\"{&quot;_animation&quot;:&quot;opal-move-up&quot;}\" data-widget_type=\"text-editor.default\"><div class=\"elementor-widget-container\"><div class=\"elementor-text-editor elementor-clearfix\"><p class=\"font_8\">S\u00fcrekli geli\u015fen, b\u00fcy\u00fcyen, g\u00fcvenilir olma arzusunda, mutlak m\u00fc\u015fteri memnuniyeti ilkesinden taviz vermeyen bir firma olgusunu daima canl\u0131 tutmak\u2026<\/p><\/div><\/div><\/div><div class=\"elementor-element elementor-element-9257fe6 animated-fast elementor-widget elementor-widget-text-editor animated opal-move-up\" data-id=\"9257fe6\" data-element_type=\"widget\" data-settings=\"{&quot;_animation&quot;:&quot;opal-move-up&quot;}\" data-widget_type=\"text-editor.default\"><div class=\"elementor-widget-container\"><div class=\"elementor-text-editor elementor-clearfix\"><p><strong>Misyonumuz<\/strong><\/p><\/div><\/div><\/div><div class=\"elementor-element elementor-element-03acc74 animated-fast elementor-widget elementor-widget-text-editor animated opal-move-up\" data-id=\"03acc74\" data-element_type=\"widget\" data-settings=\"{&quot;_animation&quot;:&quot;opal-move-up&quot;}\" data-widget_type=\"text-editor.default\"><div class=\"elementor-widget-container\"><div class=\"elementor-text-editor elementor-clearfix\"><p class=\"font_8\">M\u00fc\u015fteri isteklerini anlayarak, mutlak m\u00fckemmellikte \u00e7\u00f6z\u00fcmler \u00fcretmek ve en iyi \u015fekilde sunmak.<\/p><p class=\"font_8\">Firmam\u0131z ile ilgili hedefleri iyi tespit edip, teknoloji ve s\u00fcrekli geli\u015fmeyi \u00a0sa\u011flayacak verimlili\u011fi yaratmak.<\/p><p class=\"font_8\">\u0130n\u015faat sekt\u00f6r\u00fcnde piyasa ihtiya\u00e7lar\u0131na g\u00f6re \u00fcr\u00fcnler \u00fcretmek ve pazarlamak.<\/p><\/div><\/div><\/div>\t\t\t\t\t\t\t\t<\/div>\n\t\t\t\t<\/div>\n\t\t\t\t<\/div>\n\t\t<div class=\"elementor-element elementor-element-928754d e-con-full e-flex e-con e-child\" data-id=\"928754d\" data-element_type=\"container\" data-e-type=\"container\">\n\t\t\t\t<div class=\"elementor-element elementor-element-f5ee6af elementor-widget elementor-widget-image\" data-id=\"f5ee6af\" data-element_type=\"widget\" data-e-type=\"widget\" data-widget_type=\"image.default\">\n\t\t\t\t<div class=\"elementor-widget-container\">\n\t\t\t\t\t\t\t\t\t\t\t\t\t\t\t<img decoding=\"async\" width=\"683\" height=\"1024\" src=\"http:\/\/mbtaninmis.com\/taninmispark\/wp-content\/uploads\/2025\/01\/Anahtar_taninmis-683x1024-1.jpg\" class=\"attachment-large size-large wp-image-131\" alt=\"\" srcset=\"http:\/\/mbtaninmis.com\/taninmispark\/wp-content\/uploads\/2025\/01\/Anahtar_taninmis-683x1024-1.jpg 683w, http:\/\/mbtaninmis.com\/taninmispark\/wp-content\/uploads\/2025\/01\/Anahtar_taninmis-683x1024-1-200x300.jpg 200w\" sizes=\"(max-width: 683px) 100vw, 683px\" \/>\t\t\t\t\t\t\t\t\t\t\t\t\t\t\t<\/div>\n\t\t\t\t<\/div>\n\t\t\t\t<\/div>\n\t\t\t\t\t<\/div>\n\t\t\t\t<\/div>\n\t\t\t\t<\/div>\n\t\t","protected":false},"excerpt":{"rendered":"<p>Hakk\u0131m\u0131zda De\u011ferlerimiz \u0130nsan onuruna sayg\u0131 g\u00f6stermek,S\u00fcrekli geli\u015fmeyi ama\u00e7 edinmek,D\u00fcr\u00fcstl\u00fck ve a\u00e7\u0131kl\u0131k ilkelerine sahip \u00e7\u0131kmak,Ak\u0131l-Bilim-Teknik \u00e7izgisinde y\u00fcr\u00fcmek,Kararl\u0131 ve sab\u0131rl\u0131 olmak,\u0130sraflar\u0131 \u00f6nlemek ve \u00e7evreye duyarl\u0131 olmak Vizyonumuz S\u00fcrekli geli\u015fen, b\u00fcy\u00fcyen, g\u00fcvenilir olma arzusunda, mutlak m\u00fc\u015fteri memnuniyeti ilkesinden taviz vermeyen bir firma olgusunu daima canl\u0131 tutmak\u2026 Misyonumuz M\u00fc\u015fteri isteklerini anlayarak, mutlak m\u00fckemmellikte \u00e7\u00f6z\u00fcmler \u00fcretmek ve en iyi \u015fekilde&#8230;<\/p>\n","protected":false},"author":1,"featured_media":0,"parent":0,"menu_order":0,"comment_status":"closed","ping_status":"closed","template":"","meta":{"_kad_post_transparent":"default","_kad_post_title":"hide","_kad_post_layout":"fullwidth","_kad_post_sidebar_id":"","_kad_post_content_style":"unboxed","_kad_post_vertical_padding":"hide","_kad_post_feature":"hide","_kad_post_feature_position":"","_kad_post_header":false,"_kad_post_footer":false,"_kad_post_classname":"","footnotes":""},"class_list":["post-145","page","type-page","status-publish","hentry"],"_links":{"self":[{"href":"http:\/\/mbtaninmis.com\/taninmispark\/wp-json\/wp\/v2\/pages\/145","targetHints":{"allow":["GET"]}}],"collection":[{"href":"http:\/\/mbtaninmis.com\/taninmispark\/wp-json\/wp\/v2\/pages"}],"about":[{"href":"http:\/\/mbtaninmis.com\/taninmispark\/wp-json\/wp\/v2\/types\/page"}],"author":[{"embeddable":true,"href":"http:\/\/mbtaninmis.com\/taninmispark\/wp-json\/wp\/v2\/users\/1"}],"replies":[{"embeddable":true,"href":"http:\/\/mbtaninmis.com\/taninmispark\/wp-json\/wp\/v2\/comments?post=145"}],"version-history":[{"count":10,"href":"http:\/\/mbtaninmis.com\/taninmispark\/wp-json\/wp\/v2\/pages\/145\/revisions"}],"predecessor-version":[{"id":157,"href":"http:\/\/mbtaninmis.com\/taninmispark\/wp-json\/wp\/v2\/pages\/145\/revisions\/157"}],"wp:attachment":[{"href":"http:\/\/mbtaninmis.com\/taninmispark\/wp-json\/wp\/v2\/media?parent=145"}],"curies":[{"name":"wp","href":"https:\/\/api.w.org\/{rel}","templated":true}]}}